mmon factor of 14 and k.
14
Suppose 5*g - 137 = 43. Let d = 155 + -146. Calculate the greatest common divisor of d and g.
9
Let d(l) = 3*l + 201. Let v be d(-31). Calculate the greatest common divisor of 144 and v.
36
Suppose -31*y + 26*y = -380. What is the greatest common factor of 57 and y?
19
Let l(j) = -2 - j**3 + 12*j**2 - 3*j**2 + 19*j + 8*j**2. Let u be l(18). Calculate the greatest common divisor of 128 and u.
16
Suppose 8*r = r + 21. Let l be 1/r + 1596/(-63). Let i = 32 + l. Calculate the greatest common factor of i and 77.
7
Let g(y) = 7*y**2 - 3*y - 2. Let m be g(3). Let o = m - 22. Let z be 4/(-6) - (-560)/o. Calculate the greatest common factor of 18 and z.
18
Let j be (720/(-56))/((-3)/14). Let i be -28*(-4 - (-7)/2). Let w = i - 2. What is the greatest common factor of w and j?
12
Suppose -4*x = -16 - 0. Let v = 22 + -17. Suppose -4*o = -2*y + 24, -v*y - 5*o + 12 = -3*o. Calculate the highest common factor of y and x.
4
Let p = 210 + -90. Let s = -82 + p. Calculate the highest common divisor of 114 and s.
38
Suppose 167*n = 162*n + 60. What is the highest common divisor of 15 and n?
3
Let h be 1/(-1)*(-3 - -4)*-39. Suppose 43*v - h*v - 96 = 0. What is the highest common factor of 6 and v?
6
Let v = 240 - 231. Let a be (-2)/4*-50 + 2. Calculate the greatest common factor of v and a.
9
Let j = 9 + -5. Suppose j*v = -v. Suppose v = -0*o - 2*o + 10. What is the highest common divisor of o and 1?
1
Suppose 8 = -16*s + 56. Calculate the highest common divisor of s and 21.
3
Let r = -5 - -203. Let o(f) = f**3 + 23*f**2 + 21*f - 26. Let d be o(-22). Let j be 5 + d + (1 - -20). Calculate the highest common factor of r and j.
22
Suppose 2*u - q - 29 = -0*q, 4*u + 4*q - 76 = 0. Calculate the highest common divisor of 28 and u.
4
Let n = 20 - 16. Let f be 135 - -3*n/(-4). Suppose 5*a + 3*r - 66 = 0, a - 12 = -r + 2. What is the greatest common divisor of f and a?
12
Let h(a) = -4*a - 2. Let f be h(-5). Suppose -12*n + 10*n - 208 = 0. Let y = n - -248. Calculate the highest common divisor of y and f.
18
Let q be (3 + -186)/(-2*2/8). What is the greatest common divisor of 1342 and q?
122
Let t = 40 + -11. Let z(k) = -k**2 + 6*k + 6. Let g be z(5). Let u = t - g. What is the greatest common factor of 162 and u?
18
Suppose 5*u + k = -k - 37, 2*k = -3*u - 19. Suppose -2*o - 47 = -5*c, o - 3*c - 39 = 3*o. Let m = u - o. What is the greatest common factor of m and 12?
12
Let r(n) = -27*n + 133. Let w be r(0). What is the highest common factor of 95 and w?
19
Let b = 89 - 66. Calculate the highest common factor of 529 and b.
23
Let t(z) = 29*z**3 + 3*z - 2. Let n be t(1). Let s = 17 - 17. Suppose s = -3*x + 42 + 93. Calculate the greatest common factor of n and x.
15
Suppose -3*x + 36 = -3. Suppose -y + 76 = 5*m, -5*y = 5*m - 602 + 162. Calculate the highest common divisor of y and x.
13
Let b(m) = -10*m + 20*m - 4 - 7*m - 3 + 3*m**2. Let k be b(6). Let q(j) = -j**2 + 8*j + 5. Let v be q(6). What is the highest common divisor of v and k?
17
Let w = -1076 - -1120. Suppose 5*o = -10, -4*r + 2*o + o + 138 = 0. What is the greatest common divisor of r and w?
11
Let c(y) = 2*y**3 - y**2 + 2*y - 1. Let o be c(1). Suppose -o*l - 2*l = 0. Suppose t - 9 - 9 = l. What is the greatest common factor of 6 and t?
6
Suppose -11*o = -0*o + 539. Let d be 10/6 + (-2)/3. Let h be 2 - o - (0 - d). What is the highest common divisor of h and 130?
26
Suppose -i + 3*l - 10 = -3, -5*l = 4*i - 23. Suppose i*x + 238 = 2522. Suppose x = 4*m + 414. Calculate the greatest common divisor of m and 26.
26
Let a(v) = 2*v**2 + 44*v - 18. Let w be a(-24). Calculate the highest common factor of w and 2106.
78
Let m(f) = f**2 - 20*f + 10. Let y be m(20). Suppose -2*i + 26 = -4*h, 6*h - y*h = 5*i - 37. Calculate the highest common divisor of i and 63.
9
Let i be (-2 + (-934)/4)*-8. Let p be (-2)/(-9) + i/27. What is the greatest common divisor of 14 and p?
14
Let d(m) = -2*m + 38. Let p be d(17). What is the highest common factor of p and 10?
2
Suppose -2*a + p = -17, 4*a - 5*p + 2*p - 31 = 0. Suppose 11*q + 240 = 5*q. Let x be 5/((1/3)/(q/(-24))). Calculate the highest common divisor of a and x.
5
Let o(c) = 15*c + 1053. Let l be o(-59). Let r = -32 + 56. Calculate the greatest common factor of r and l.
24
Let a be 837/297 - (-2)/11. Suppose 43 = o + 4*i, 2*o - 79 = -a*i + 2*i. Calculate the highest common divisor of 13 and o.
13
Let m(y) be the third derivative of -y**5/60 - 5*y**4/4 - 11*y**3/2 - 14*y**2 - 2. Let t be m(-22). What is the highest common factor of 13 and t?
13
Suppose 647 = -3*v - t + 2145, -t - 2 = 0. What is the greatest common divisor of v and 20?
20
Let k be 0/(-3 - (3 - 3)). Suppose 4*o + k*p - 522 = -2*p, -2*o + 231 = -5*p. Suppose -o = -s - 3*s. Calculate the highest common factor of s and 8.
8
Let q = 13 + 27. Calculate the greatest common factor of 120 and q.
40
Let i = 12 - 8. Suppose i*p = -x + 14 + 53, -p - 4*x + 28 = 0. Suppose -2*t = -p - 154. What is the highest common factor of t and 34?
17
Suppose 9*v + 57 - 273 = 0. Calculate the greatest common divisor of 24 and v.
24
Let u be -1*4 + 11 + -16. Let h(s) be the third derivative of s**5/60 + 7*s**4/24 + s**3/3 - s**2. Let r be h(u). What is the highest common divisor of 5 and r?
5
Let r be ((-1071)/204)/(1/(-4)). What is the highest common divisor of r and 3?
3
Suppose -4*j + 6 = -2. Suppose 4 = -4*x, -j*q + 0*q - x = -57. Let r be -1 + -2 - -324 - 2. Calculate the greatest common divisor of q and r.
29
Let m = 478 - 442. Calculate the greatest common divisor of 576 and m.
36
Suppose 0 = 2*s - 8*s + 2640. Suppose 5*a - s = -5*l, 4*l + 176 = 6*l - 2*a. Calculate the greatest common divisor of l and 11.
11
Let h(y) be the first derivative of 23*y**2/2 - 15*y - 1. Let k be h(4). What is the greatest common factor of k and 7?
7
Suppose -664 = -16*o - 104. Calculate the highest common factor of o and 105.
35
Let y = -636 - -765. What is the greatest common factor of 43 and y?
43
Let l = 251 + -238. Calculate the greatest common factor of 104 and l.
13
Let q(f) = -5*f - 1. Let b be q(-7). Let t be (b - 6) + 1 + (0 - -2). What is the greatest common factor of t and 62?
31
Let p be 0/7 - -11 - 5. Calculate the highest common divisor of p and 102.
6
Let a be 134 + 1*(-1 - -2). Let c be -1*((2 - 0) + -57). Suppose -10 + c = 3*h. Calculate the highest common factor of h and a.
15
Let b(d) = -12*d. Let u be b(-5). Calculate the highest common factor of 540 and u.
60
Suppose -3*i + 12 = -3. Let y = -990 + 991. Calculate the highest common divisor of y and i.
1
Let q(r) = -r**3 - 2*r**2 - 27*r - 7. Let u be q(-6). What is the highest common divisor of u and 26?
13
Let b be -2 - 7/(7/8). Let k be (-60)/((2/(-20))/((-4)/b)). Calculate the highest common divisor of k and 30.
30
Suppose 0 = 3*l - 0*l + 3*f - 1251, 5*l - 2069 = -f. Calculate the greatest common divisor of 59 and l.
59
Let v be (-45)/(-6)*(-16)/(-12). Let f be 110/3*(5 + -2). What is the highest common factor of v and f?
10
Let l be (1 + 1)*45/30. Let h be (l - 1)/((-2)/(-29)). What is the highest common divisor of 203 and h?
29
Suppose 2*m = -8 + 18. Suppose 19 = 5*j - 4*f, 5*f - 10 = -0*j - m*j. Calculate the greatest common divisor of j and 21.
3
Let b(x) = -8*x - 42. Let u be b(-7). Let t(o) = 6*o + 2. Let v be t(2). Calculate the highest common divisor of u and v.
14
Suppose -3*c = -37 + 2542. Let y be 8/(-16)*(-1 + c). Calculate the greatest common divisor of y and 38.
38
Let g be (-4)/((-8)/(-6)) + (-729)/9. Let a = g + 92. What is the highest common factor of 88 and a?
8
Let y be ((-15)/(-35) - (-3)/(-7)) + 33. What is the greatest common divisor of y and 143?
11
Let r = 237 - 209. What is the highest common factor of 224 and r?
28
Suppose 224 = 38*x - 36*x. What is the greatest common divisor of x and 112?
112
Let b = 47 - 45. Suppose 1 = k + 5*t - 2, -2*t = b. Calculate the highest common divisor of k and 6.
2
Let b(g) = -2*g - 12. Let s be b(-12). Let n(t) = -t**3 + 18*t**2 - 18*t + 20. Let f be n(17). What is the highest common factor of s and f?
3
Let y(o) = 13*o - 354. Let g be y(28). Suppose 0 = -2*n + p + 224, 3*p + p + 126 = n. Calculate the greatest common factor of g and n.
10
Suppose 247 = 37*k - 24*k. What is the greatest commo